3332485.
5, 179, 37243
What are the prime factors of 876170?
2, 5, 41, 2137
What are the prime factors of 1737506?
2, 29, 1033
What are the prime factors of 4613258?
2, 13, 177433
What are the prime factors of 584998?
2, 367, 797
List the prime factors of 1591396.
2, 397849
List the prime factors of 11164410.
2, 3, 5, 17, 7297
What are the prime factors of 8580924?
2, 3, 11, 31, 233
What are the prime factors of 390629?
577, 677
What are the prime factors of 47385?
3, 5, 13
What are the prime factors of 1373563?
1373563
List the prime factors of 1358929.
11, 13, 17, 43
What are the prime factors of 19556691?
3, 7, 11, 31, 2731
List the prime factors of 4832763.
3, 13, 29, 4273
List the prime factors of 432101.
23, 18787
List the prime factors of 22063737.
3, 1789, 4111
What are the prime factors of 4933181?
11, 89, 5039
List the prime factors of 54983.
54983
What are the prime factors of 3362451?
3, 41, 27337
What are the prime factors of 3143901?
3, 619, 1693
List the prime factors of 510059.
11, 89, 521
What are the prime factors of 4411547?
7, 37, 17033
List the prime factors of 4103038.
2, 73, 157, 179
What are the prime factors of 482312?
2, 60289
What are the prime factors of 7666906?
2, 13, 131, 2251
What are the prime factors of 4937431?
67, 73693
What are the prime factors of 2777779?
23, 59, 89
What are the prime factors of 2792000?
2, 5, 349
List the prime factors of 153543.
3, 13, 31, 127
List the prime factors of 97547.
97547
List the prime factors of 139999.
139999
List the prime factors of 1943858.
2, 7, 43, 3229
What are the prime factors of 3683298?
2, 3, 613883
What are the prime factors of 8126842?
2, 4063421
What are the prime factors of 2055050?
2, 5, 23, 1787
List the prime factors of 2440.
2, 5, 61
What are the prime factors of 23108097?
3, 1423, 5413
List the prime factors of 16735674.
2, 3, 23, 173, 701
List the prime factors of 3075783.
3, 1025261
List the prime factors of 1374997.
13, 105769
What are the prime factors of 171610?
2, 5, 131
What are the prime factors of 3285660?
2, 3, 5, 7, 7823
What are the prime factors of 232061?
109, 2129
What are the prime factors of 602634?
2, 3, 47, 2137
List the prime factors of 855454.
2, 427727
List the prime factors of 5919570.
2, 3, 5, 17, 53, 73
List the prime factors of 648025.
5, 7, 23
List the prime factors of 12659726.
2, 71, 89153
What are the prime factors of 1704762?
2, 3, 94709
What are the prime factors of 1964223?
3, 23, 3163
What are the prime factors of 78795?
3, 5, 17, 103
List the prime factors of 9592955.
5, 23, 83417
List the prime factors of 186211.
186211
What are the prime factors of 127072?
2, 11, 19
What are the prime factors of 5744569?
5744569
List the prime factors of 15848.
2, 7, 283
What are the prime factors of 170717?
31, 5507
List the prime factors of 12903484.
2, 11, 293261
List the prime factors of 22519413.
3, 7, 149, 2399
List the prime factors of 2913719.
2913719
What are the prime factors of 307611?
3, 11393
List the prime factors of 4356126.
2, 3, 80669
List the prime factors of 1668874.
2, 59, 14143
What are the prime factors of 551202?
2, 3, 91867
What are the prime factors of 4012976?
2, 11, 151
What are the prime factors of 7639839?
3, 257, 367
What are the prime factors of 966712?
2, 149, 811
What are the prime factors of 326476?
2, 81619
List the prime factors of 285025.
5, 13, 877
What are the prime factors of 31522?
2, 15761
List the prime factors of 662434.
2, 331217
List the prime factors of 1598150.
2, 5, 31963
List the prime factors of 216698.
2, 97, 1117
What are the prime factors of 18017478?
2, 3, 131, 283
What are the prime factors of 1280757?
3, 426919
List the prime factors of 2002019.
2002019
List the prime factors of 1178564.
2, 294641
List the prime factors of 313130.
2, 5, 173, 181
List the prime factors of 10616072.
2, 1327009
What are the prime factors of 426844?
2, 11, 89, 109
What are the prime factors of 16208327?
17, 953431
List the prime factors of 3124153.
947, 3299
What are the prime factors of 21766?
2, 10883
What are the prime factors of 1464470?
2, 5, 7, 20921
List the prime factors of 479592.
2, 3, 6661
What are the prime factors of 2238642?
2, 3, 7, 109, 163
What are the prime factors of 613325?
5, 24533
List the prime factors of 320307.
3, 13, 43, 191
List the prime factors of 2174521.
17, 127913
List the prime factors of 61723.
61723
List the prime factors of 849745.
5, 13, 17, 769
List the prime factors of 4960815.
3, 5, 330721
What are the prime factors of 295152?
2, 3, 11, 13, 43
List the prime factors of 1394797.
137, 10181
List the prime factors of 1058642.
2, 13, 19, 2143
What are the prime factors of 72771?
3, 127, 191
What are the prime factors of 2874325?
5, 114973
List the prime factors of 6167234.
2, 37, 83341
List the prime factors of 58331.
7, 13, 641
List the prime factors of 152184.
2, 3, 17, 373
List the prime factors of 220266.
2, 3, 4079
What are the prime factors of 8360424?
2, 3, 83, 1399
What are the prime factors of 148698?
2, 3, 11, 751
What are the prime factors of 5065427?
41, 123547
List the prime factors of 1050594.
2, 3, 23, 331
What are the prime factors of 4904134?
2, 1549, 1583
List the prime factors of 10039754.
2, 5019877
What are the prime factors of 1039724?
2, 7, 71, 523
What are the prime factors of 13314595?
5, 7, 380417
What are the prime factors of 822867?
3, 103, 2663
List the prime factors of 3142126.
2, 13, 120851
List the prime factors of 1727563.
1727563
List the prime factors of 218286.
2, 3, 67, 181
List the prime factors of 2621387.
2621387
What are the prime factors of 37829?
11, 19, 181
List the prime factors of 315405.
3, 5, 43, 163
What are the prime factors of 2028299?
7, 13, 31, 719
List the prime factors of 25142101.
29, 866969
List the prime factors of 5445539.
11, 131, 3779
List the prime factors of 2106690.
2, 3, 5, 70223
List the prime factors of 336311.
17, 73, 271
List the prime factors of 278070.
2, 3, 5, 13, 23, 31
What are the prime factors of 2654300?
2, 5, 11, 19, 127
List the prime factors of 313117.
7, 41, 1091
List the prime factors of 9834936.
2, 3, 31, 13219
What are the prime factors of 77540?
2, 5, 3877
List the prime factors of 286479.
3, 139, 229
List the prime factors of 244627.
43, 5689
List the prime factors of 3445679.
17, 157, 1291
What are the prime factors of 112581?
3, 7, 1787
List the prime factors of 4604357.
79, 167, 349
List the prime factors of 1066614.
2, 3, 17, 10457
List the prime factors of 166990.
2, 5, 16699
List the prime factors of 1033607.
73, 14159
What are the prime factors of 1715361?
3, 83
List the prime factors of 329424.
2, 3, 6863
List the prime factors of 1643116.
2, 41, 43, 233
What are the prime factors of 6150858?
2, 3, 7, 146449
List the prime factors of 12469534.
2, 7, 11, 17, 433
What are the prime factors of 6911888?
2, 431993
What are the prime factors of 4196559?
3, 79, 17707
List the prime factors of 3051107.
227, 13441
What are the prime factors of 1878781?
1878781
List the prime factors of 1339850.
2, 5, 127, 211
What are the prime factors of 18377314?
2, 479, 19183
List the prime factors of 116440.
2, 5, 41, 71
What are the prime factors of 16921298?
2, 113, 74873
List the prime factors of 3674740.
2, 5, 31, 5927
What are the prime factors of 4179759?
3, 1393253
List the prime factors of 8237036.
2, 23, 89533
List the prime factors of 1544407.
1544407
List the prime factors of 1496396.
2, 11, 71, 479
What are the prime factors of 365864?
2, 19, 29, 83
List the prime factors of 307283.
307283
List the prime factors of 298762.
2, 149381
List the prime factors of 284293.
284293
What are the prime factors of 5552058?
2, 3, 71, 13033
List the prime factors of 4327487.
139, 163, 191
List the prime factors of 126770.
2, 5, 7, 1811
What are the prime factors of 8200860?
2, 3, 5, 103, 1327
What are the prime factors of 3725105?
5, 53, 14057
What are the prime factors of 90434?
2, 103, 439
List the prime factors of 1290180.
2, 3, 5, 21503
List the prime factors of 525629.
13, 40433
List the prime factors of 32059550.
2, 5, 467, 1373
List the prime factors of 860218.
2, 383, 1123
List the prime factors of 5557795.
5, 1111559
What are the prime factors of 9824723?
9824723
What are the prime 